{"id":227,"date":"2019-09-07T17:26:45","date_gmt":"2019-09-07T15:26:45","guid":{"rendered":"http:\/\/www.centrezenamiens.org\/wordpress\/?page_id=227"},"modified":"2019-09-07T17:27:09","modified_gmt":"2019-09-07T15:27:09","slug":"conseils-bibliographiques","status":"publish","type":"page","link":"http:\/\/www.centrezenamiens.org\/wordpress\/conseils-bibliographiques\/","title":{"rendered":"Conseils bibliographiques"},"content":{"rendered":"\n<h2 class=\"wp-block-heading\">S\u00e9lection d\u2019ouvrage s de ma\u00eetre Deshimaru<\/h2>\n\n\n\n<p>La Pratique du zen. R\u00e9\u00e9dition de l\u2019ouvrage cl\u00e9 publi\u00e9 en 1974, v\u00e9ritable<br> manuel de base r\u00e9sumant l\u2019enseignement du zen. \u00c9d. Albin Michel.<\/p>\n\n\n\n<p> Le Bol et le B\u00e2ton. 120 contes zen. Histoires issues de la tradition zen<br> qui illustre l\u2019enseignement des ma\u00eetres du pass\u00e9. \u00c9d. Albin Michel.<\/p>\n\n\n\n<p> Questions \u00e0 un ma\u00eetre zen. Les questions que chacun peut se poser et<br> dont les r\u00e9ponses font une excellente introduction \u00e0 la philosophie et \u00e0<br> la pratique du zen. \u00c9d. Albin Michel.<\/p>\n\n\n\n<p> Zen et vie quotidienne. Sur la m\u00e9ditation, le karma et la pratique de<br> chaque jour. \u00c9d. Albin Michel.<\/p>\n\n\n\n<p> Zen et arts martiaux. L\u2019essence de l\u2019enseignement de ma\u00eetre Deshimaru<br> au sujet du bushido, la voie du guerrier. \u00c9d. Albin Michel.<\/p>\n\n\n\n<h2 class=\"wp-block-heading\"> Autres ouvrages de r\u00e9f\u00e9rence <\/h2>\n\n\n\n<p>Shunryu Suzuki, Esprit zen, esprit neuf, Points Sagesse.<\/p>\n\n\n\n<p> Aoyama Roshi, Le zen et la vie, \u00c9ditions Sully, r\u00e9\u00e9d. Albin Michel.<\/p>\n\n\n\n<p> Koho Chisan, Le bouddhisme zen S\u00f4t\u00f4, \u00c9ditions Sully.<\/p>\n\n\n\n<p> Roland Rech, Manuel de m\u00e9ditation zen, \u00c9ditions du Reli\u00e9.<\/p>\n\n\n\n<p> Kengan D. Robert, Sh\u00f4b\u00f4genz\u00f4 Zuimonki. Enseignements du ma\u00eetre<br> zen D\u00f4gen, \u00c9ditions Sully.<\/p>\n\n\n\n<p> Evelyn de Smedt, Catherine Mollet, Les patriarches du zen, \u00c9ditions<br> du Reli\u00e9.<\/p>\n\n\n\n<p> Philippe Coupey, Zen d\u2019aujourd\u2019hui, \u00c9ditions du Reli\u00e9.<\/p>\n\n\n\n<p><\/p>\n\n\n\n<p><\/p>\n","protected":false},"excerpt":{"rendered":"<p>S\u00e9lection d\u2019ouvrage s de ma\u00eetre Deshimaru La Pratique du zen. R\u00e9\u00e9dition de l\u2019ouvrage cl\u00e9 publi\u00e9 en 1974, v\u00e9ritable manuel de base r\u00e9sumant l\u2019enseignement du zen. \u00c9d. Albin Michel. Le Bol et le B\u00e2ton. 120 contes zen. Histoires issues de la tradition zen qui illustre l\u2019enseignement des ma\u00eetres du pass\u00e9. \u00c9d. Albin Michel. Questions \u00e0 un [&hellip;]<\/p>\n","protected":false},"author":1,"featured_media":0,"parent":0,"menu_order":0,"comment_status":"closed","ping_status":"closed","template":"","meta":{"ngg_post_thumbnail":0,"footnotes":""},"class_list":["post-227","page","type-page","status-publish","hentry"],"_links":{"self":[{"href":"http:\/\/www.centrezenamiens.org\/wordpress\/wp-json\/wp\/v2\/pages\/227","targetHints":{"allow":["GET"]}}],"collection":[{"href":"http:\/\/www.centrezenamiens.org\/wordpress\/wp-json\/wp\/v2\/pages"}],"about":[{"href":"http:\/\/www.centrezenamiens.org\/wordpress\/wp-json\/wp\/v2\/types\/page"}],"author":[{"embeddable":true,"href":"http:\/\/www.centrezenamiens.org\/wordpress\/wp-json\/wp\/v2\/users\/1"}],"replies":[{"embeddable":true,"href":"http:\/\/www.centrezenamiens.org\/wordpress\/wp-json\/wp\/v2\/comments?post=227"}],"version-history":[{"count":2,"href":"http:\/\/www.centrezenamiens.org\/wordpress\/wp-json\/wp\/v2\/pages\/227\/revisions"}],"predecessor-version":[{"id":229,"href":"http:\/\/www.centrezenamiens.org\/wordpress\/wp-json\/wp\/v2\/pages\/227\/revisions\/229"}],"wp:attachment":[{"href":"http:\/\/www.centrezenamiens.org\/wordpress\/wp-json\/wp\/v2\/media?parent=227"}],"curies":[{"name":"wp","href":"https:\/\/api.w.org\/{rel}","templated":true}]}}

<h2 class="wp-block-heading">Sélection d’ouvrage s de maître Deshimaru</h2>



<p>La Pratique du zen. Réédition de l’ouvrage clé publié en 1974, véritable<br> manuel de base résumant l’enseignement du zen. Éd. Albin Michel.</p>



<p> Le Bol et le Bâton. 120 contes zen. Histoires issues de la tradition zen<br> qui illustre l’enseignement des maîtres du passé. Éd. Albin Michel.</p>



<p> Questions à un maître zen. Les questions que chacun peut se poser et<br> dont les réponses font une excellente introduction à la philosophie et à<br> la pratique du zen. Éd. Albin Michel.</p>



<p> Zen et vie quotidienne. Sur la méditation, le karma et la pratique de<br> chaque jour. Éd. Albin Michel.</p>



<p> Zen et arts martiaux. L’essence de l’enseignement de maître Deshimaru<br> au sujet du bushido, la voie du guerrier. Éd. Albin Michel.</p>



<h2 class="wp-block-heading"> Autres ouvrages de référence </h2>



<p>Shunryu Suzuki, Esprit zen, esprit neuf, Points Sagesse.</p>



<p> Aoyama Roshi, Le zen et la vie, Éditions Sully, rééd. Albin Michel.</p>



<p> Koho Chisan, Le bouddhisme zen Sôtô, Éditions Sully.</p>



<p> Roland Rech, Manuel de méditation zen, Éditions du Relié.</p>



<p> Kengan D. Robert, Shôbôgenzô Zuimonki. Enseignements du maître<br> zen Dôgen, Éditions Sully.</p>



<p> Evelyn de Smedt, Catherine Mollet, Les patriarches du zen, Éditions<br> du Relié.</p>



<p> Philippe Coupey, Zen d’aujourd’hui, Éditions du Relié.</p>



<p></p>



<p></p>

<p>Sélection d’ouvrage s de maître Deshimaru La Pratique du zen. Réédition de l’ouvrage clé publié en 1974, véritable manuel de base résumant l’enseignement du zen. Éd. Albin Michel. Le Bol et le Bâton. 120 contes zen. Histoires issues de la tradition zen qui illustre l’enseignement des maîtres du passé. Éd. Albin Michel. Questions à un [&hellip;]</p>
